e 2*w + 5*u - 1854 = 1583, 4*w = u + 6885. What is the hundreds digit of w?
7
Suppose -2*c + 17 + 5 = 0. What is the units digit of (0 + 12)*(352/6)/c?
4
Let c(j) = 6*j + 4. Let u be -2 - (7 + -3)/2. Let w(b) = 7*b + 3. Let g(q) = u*w(q) + 5*c(q). What is the tens digit of g(7)?
2
What is the units digit of (248/(-5))/((-33)/165)?
8
Let d(z) = 7*z + 13. Let w(t) = t**3 + 7*t**2 + 5*t - 16. Let b be w(-5). What is the units digit of d(b)?
6
Suppose 0 = -4*j - 0*j - 568. Let b = 208 + j. What is the tens digit of b?
6
Suppose 5*o = 5*r - 725, -3*o = 4*r - 351 - 201. What is the hundreds digit of r?
1
Suppose 14*u + 8277 - 71207 = 0. What is the units digit of u?
5
Suppose -2*h - 5*b - 45 = 0, 0 = -3*h - 5*b - 0*b - 55. Let l = h + 42. Suppose -n + l = 3*n. What is the units digit of n?
8
Let h(t) = t**2 - 6*t + 9. Let j be h(5). Suppose -3*a + 55 = j*g - 5*g, -g + 59 = 3*a. What is the tens digit of a?
1
Let w(v) = 7*v**3 - 2*v**2 + v - 3. Let d(x) = -22*x**3 + 5*x**2 - 2*x + 8. Let u(n) = 2*d(n) + 7*w(n). What is the tens digit of u(3)?
0
Let i = 350 - -1379. What is the units digit of i?
9
Let w(c) = -10*c + 1. Let t be w(-2). Suppose -t = 5*u + 39. Let n = u - -22. What is the tens digit of n?
1
Let v(j) be the second derivative of j**5/20 + 7*j**4/12 - 3*j**3/2 - 2*j**2 - 14*j. What is the tens digit of v(-7)?
5
Let b be 0 - (3 + (-5 - 2)). Suppose 0*n - 2*g = 3*n + 106, 5*n + b*g + 180 = 0. Let u = -23 - n. What is the units digit of u?
9
Suppose 2*k = -2*b + 3*k + 11, -4*k + 8 = 5*b. Suppose -t + 6 = r - 9, -b*r + 38 = 2*t. Let x(z) = z**2 - 10*z + 8. What is the tens digit of x(t)?
1
Suppose 14 = i + 6. Suppose i*b - 93 = 35. What is the units digit of b?
6
Suppose 0 = -3*g - 4 + 13. Let m = g + 7. What is the units digit of m?
0
Let p(a) = a**3 - 46*a**2 + 66*a - 3. What is the units digit of p(45)?
2
Let a(o) = 16*o + 1. Let m(p) = -2*p**3 + p**2 + p. Let y be m(-1). Suppose b - 2*k = 3, -y*b = -4*b - 2*k. What is the units digit of a(b)?
7
Suppose 4*i = -2 - 10. Let c be i*(-14)/24*-4. Let f = 34 + c. What is the units digit of f?
7
Let q be -1 - -2 - (4 - 6). Let i(r) = 2*r + 4*r + 5*r**2 - q - 8*r**2 + 6*r**2. What is the tens digit of i(-5)?
4
Let c(v) = -21*v - 88. What is the units digit of c(-11)?
3
Let g(q) = -q**3 - 40 + 0*q**3 + 32 - 36 - 17*q**2 + 33*q. What is the units digit of g(-19)?
1
Let k = 479 + -438. What is the units digit of k?
1
Let k = -12 + 8. Let a(x) = x**3 + 8*x**2 + 9*x - 4. What is the units digit of a(k)?
4
Let f(o) = -65*o - 87. What is the units digit of f(-5)?
8
Suppose 82*m - 18516 = 76*m. What is the units digit of m?
6
What is the tens digit of 813*12/30*-5*-1?
2
What is the thousands digit of 561/(-33)*13*-11?
2
Let x(t) = 6*t - 13. Suppose -2*v - 57 = -9. Let s be (-208)/v + 2/6. What is the tens digit of x(s)?
4
Suppose 0 = -29*d + 47*d - 23112. What is the thousands digit of d?
1
Let a(j) = -136*j + 689. What is the thousands digit of a(-4)?
1
Suppose -12 = 5*c - 2*c. What is the units digit of 112/6 - (c - (-8)/3)?
0
Suppose -4*h - 210 = 5*d + 231, 5*d = -5*h - 550. Let m = -77 - h. What is the units digit of m?
2
Let c(n) = -n**3 + 2*n**2 + 4*n - 1. Let x be 1/1 - (-16)/(-4). What is the tens digit of c(x)?
3
Let z = 10533 - 7409. What is the units digit of z?
4
Let h = 104 - 90. What is the units digit of 8/h - 34800/(-105)?
2
Suppose -5*d - 5*l + 19505 = 0, 2*l - 20 = -3*l. What is the tens digit of d?
9
Let f(k) = 5*k**2 + k. Let q be f(1). Let d(i) = 18*i + 35. What is the tens digit of d(q)?
4
Let g = -150 - -420. What is the units digit of g/(-4)*12/(-18)?
5
Suppose -19 = 3*k - 1. Let s = -44 + k. Let x = s + 79. What is the units digit of x?
9
Let s = 20 + -18. Suppose -s*j = -85 - 9. Suppose 2*o - 15 = -2*c + j, -16 = -4*o. What is the tens digit of c?
2
Suppose 2*a + p - 3 = 2*p, 0 = 3*a - 4*p + 8. Suppose 75 = w + a*r, 4*w - 2*w + r - 122 = 0. What is the tens digit of w?
5
What is the tens digit of (-257025)/(-325) - (-2)/13?
9
Suppose 4*s + s - q - 685 = 0, 3*s = -q + 411. Suppose a - 2*a + s = 0. What is the hundreds digit of a?
1
Let i(f) = -1. Let y(g) = -g + 24. Let b(p) = 4*i(p) + y(p). What is the tens digit of b(7)?
1
What is the tens digit of (625/10)/5 + 6/4?
1
Suppose w = 5 - 2. Suppose -x = -m - w - 1, -4*m + 5*x = 13. Let t = m - -8. What is the units digit of t?
1
Suppose 0 = -5*a - 2*c + 2042, a + 4*c = 5*c + 407. Suppose 3*p - 6 = 0, 2*p + a = 2*q - 2*p. What is the tens digit of q?
0
Suppose -19*m - 3*m + 4818 = 0. What is the tens digit of m?
1
Let h = 473 + 406. What is the units digit of h?
9
Suppose -2*b = -2*y - 4*b - 46, 0 = 5*y + 2*b + 109. Let o be 54/4*(-10)/(-3). Let i = y + o. What is the tens digit of i?
2
Suppose w - 4 - 9 = -p, -2*p = 3*w - 24. What is the tens digit of p?
1
Let l(b) = b**2 - 4*b - 5. Let w be l(6). Let t = -2 + w. Suppose 5*a - 5*i = 135, 0 = i - 3 + t. What is the tens digit of a?
2
Suppose 4*g - 18 = -0*g + 5*j, 3*j = g - 8. Let b be (-6)/15*(-3 - g). Suppose -b = -y + 10. What is the tens digit of y?
1
Suppose -593 = -4*d + 5*y, -3*d - d - 3*y = -585. What is the units digit of d?
7
What is the hundreds digit of ((-24)/20)/((-12)/4050)?
4
Suppose -z - 37 + 10 = -5*r, z + 2*r = 8. What is the units digit of 95 + 2*1/z*1?
4
Let g be (-5)/((-140)/8) - 3666/42. Let n = 155 + g. What is the tens digit of n?
6
What is the hundreds digit of ((-2128)/(-24))/19*(-1578)/(-4)?
8
Let m = 6532 + -4538. What is the thousands digit of m?
1
Let a(k) be the third derivative of k**6/60 + k**5/20 - k**4/12 + k**3/2 + 5*k**2. Let l = -4 - -6. What is the tens digit of a(l)?
2
What is the tens digit of 65/(-2)*128/(-64)?
6
Let p = -1694 + 3567. What is the thousands digit of p?
1
Suppose 313*p - 318*p + 3205 = 0. What is the hundreds digit of p?
6
Let j be 125/10 + -3 + (-6)/(-4). What is the units digit of 1 + -3 + (j - (-1 + 1))?
9
Let v(m) = -m**2 - m + 5. Let y be v(3). Let o = -36 - -52. Let c = o + y. What is the units digit of c?
9
Suppose -s - 1 = -38. Suppose -5*m + 158 = 4*p, 2*m - s - 25 = -2*p. What is the units digit of m?
4
Suppose -g = -3*p + 3*g + 7, p - 4*g - 13 = 0. Let q(x) be the third derivative of -5*x**4/24 + 2*x**3/3 - 5*x**2. What is the tens digit of q(p)?
1
Suppose 1267 = 7*h - 504. What is the units digit of h?
3
Let x = 1028 + -589. What is the tens digit of x?
3
Suppose -4*s = -3*c - 2331, -3*c = -0*c + 15. Suppose -10*g = 79 - s. What is the units digit of g?
0
What is the units digit of 75 + (58/18 - (-6)/(-27))?
8
Let n = 55 - 102. Let x = n + 111. What is the units digit of x?
4
Let a(c) = -c**3 + 5*c**2 + 6*c. Let k be a(6). Suppose 3*o - 2*j - 39 = j, -3*o = -2*j - 34. Suppose k = -2*p - o + 20. What is the units digit of p?
6
Suppose -2*d - x = -3*d - 32, 5*x = -3*d - 72. Let b = 73 + d. What is the units digit of b?
4
Let r = -18 + 21. Suppose -5*j + c = -2*c - 13, -3*c = r*j - 3. Suppose -24 = -j*t - 2*t. What is the units digit of t?
6
Let i = 55 + -35. What is the tens digit of -8*2*(-15)/i?
1
Let q = 29 - -2. Suppose 0 = y - 3*y + 5*j + q, 0 = -y + 3*j + 17. What is the tens digit of (30/y)/((-1)/(-4))?
1
Let u be 18/(-12)*8/(-3). Suppose -4*n + 20 = -3*m, -u*n - m - 10 = -7*n. Suppose -z + 51 = n*z. What is the units digit of z?
7
Let j = -56 + 149. Let s = j + -45. What is the units digit of s?
8
Let m = -19 - -13. Let c(v) = v**3 + 8*v**2 + 5*v + 7. Let f be c(m). Let l = f + -27. What is the tens digit of l?
2
Let b = 991 + 2379. What is the thousands digit of b?
3
Suppose 7*w + 35*w - 17346 = 0. What is the hundreds digit of w?
4
Let q(s) = -14*s - 3. Let p be q(16). Let m = -149 - p. What is the units digit of m?
8
What is the units digit of 12326/12 - 7/42?
7
What is the units digit of (-260)/(-6) + (100/(-12) - -8)?
3
Suppose 0 = -8*m + 3*m + 45. Let r(b) = 6*b + 39. What is the tens digit of r(m)?
9
Let r = 6311 + -3350. What is the tens digit of r?
6
Let u(p) = 2*p**2 + 65*p + 7. What is the tens digit of u(-35)?
8
Let y = 7 - -2. Suppose 59 = y*z - 8*z. What is the units digit of z?
9
Let w(l) = 11*l**2 + 3*l. Let d be w(-3). Suppose -10*b = -7*b - d. Suppose 3*s + 5*y = b, 0*s = -3*s - y + 42. What is the units digit of s?
5
Let q = -69 - -171. Suppose -4*d - u = -0*u - q, -2*d - 4*u + 44 = 0. W